713558?
2, 17, 31, 677
List the prime factors of 1266618.
2, 3, 379, 557
List the prime factors of 17350334.
2, 2099, 4133
List the prime factors of 98611.
31, 3181
What are the prime factors of 2143401?
3, 13, 54959
List the prime factors of 265107.
3, 19, 4651
What are the prime factors of 2112134?
2, 521, 2027
List the prime factors of 6025871.
17, 354463
List the prime factors of 83256.
2, 3, 3469
What are the prime factors of 1544190?
2, 3, 5, 51473
List the prime factors of 246452.
2, 61613
What are the prime factors of 7548113?
7548113
What are the prime factors of 201625?
5, 1613
What are the prime factors of 1405247?
1405247
What are the prime factors of 542576?
2, 33911
List the prime factors of 35323.
35323
List the prime factors of 1421356.
2, 355339
What are the prime factors of 1424785?
5, 284957
List the prime factors of 11067108.
2, 3, 13, 61, 1163
What are the prime factors of 529703?
17, 31159
List the prime factors of 37551.
3, 12517
List the prime factors of 20363.
7, 2909
What are the prime factors of 128780?
2, 5, 47, 137
List the prime factors of 1364946.
2, 3, 11, 20681
List the prime factors of 4355758.
2, 11, 41, 439
List the prime factors of 192299.
19, 29, 349
List the prime factors of 2651028.
2, 3, 220919
What are the prime factors of 546495?
3, 5, 36433
What are the prime factors of 15671062?
2, 11, 712321
What are the prime factors of 235077?
3, 127, 617
What are the prime factors of 254841?
3, 84947
What are the prime factors of 9810425?
5, 71, 5527
What are the prime factors of 286154?
2, 11, 13007
List the prime factors of 15464656.
2, 29, 33329
List the prime factors of 991597.
29, 31, 1103
List the prime factors of 811189.
17, 47717
List the prime factors of 223073.
37, 6029
What are the prime factors of 622978?
2, 23, 29, 467
What are the prime factors of 1055239?
61, 17299
What are the prime factors of 390605?
5, 78121
List the prime factors of 321999.
3, 181, 593
What are the prime factors of 467183?
467183
List the prime factors of 230947.
157, 1471
List the prime factors of 96690.
2, 3, 5, 11, 293
List the prime factors of 17995533.
3, 89, 67399
What are the prime factors of 14746?
2, 73, 101
List the prime factors of 4596635.
5, 211, 4357
What are the prime factors of 13219608?
2, 3, 17, 32401
What are the prime factors of 159205?
5, 17, 1873
List the prime factors of 6391018.
2, 557, 5737
List the prime factors of 598124.
2, 149531
List the prime factors of 6722938.
2, 3361469
What are the prime factors of 1133365?
5, 83, 2731
What are the prime factors of 7106946?
2, 3, 7, 11, 15383
List the prime factors of 401985.
3, 5, 8933
List the prime factors of 80560.
2, 5, 19, 53
List the prime factors of 15841082.
2, 463, 17107
List the prime factors of 172420.
2, 5, 37, 233
List the prime factors of 380326.
2, 397, 479
List the prime factors of 5711648.
2, 178489
List the prime factors of 415870.
2, 5, 7, 13, 457
List the prime factors of 58652.
2, 11, 31, 43
List the prime factors of 5182835.
5, 7, 373, 397
List the prime factors of 430110.
2, 3, 5, 59
List the prime factors of 240568.
2, 30071
What are the prime factors of 211810?
2, 5, 59, 359
What are the prime factors of 530929?
7, 73, 1039
List the prime factors of 4897861.
4897861
What are the prime factors of 22254913?
22254913
What are the prime factors of 589732?
2, 11, 13, 1031
List the prime factors of 368407.
13, 17, 1667
What are the prime factors of 13992?
2, 3, 11, 53
List the prime factors of 291377.
291377
What are the prime factors of 4583384?
2, 13, 44071
What are the prime factors of 1043886?
2, 3, 173981
What are the prime factors of 240755?
5, 179, 269
What are the prime factors of 8919955?
5, 11, 157, 1033
What are the prime factors of 1814701?
7, 41, 6323
List the prime factors of 2452337.
2452337
List the prime factors of 2451269.
2451269
What are the prime factors of 179021?
179021
What are the prime factors of 1387804?
2, 11, 31541
List the prime factors of 1066886.
2, 17, 31379
List the prime factors of 2008045.
5, 13, 30893
What are the prime factors of 5140509?
3, 11, 155773
What are the prime factors of 223769?
7, 13, 2459
List the prime factors of 612416.
2, 7, 1367
List the prime factors of 424550.
2, 5, 7, 1213
List the prime factors of 1333781.
19, 70199
What are the prime factors of 1590164?
2, 397541
List the prime factors of 5546026.
2, 53, 52321
List the prime factors of 5579735.
5, 7, 159421
What are the prime factors of 966825?
3, 5, 4297
What are the prime factors of 76688?
2, 4793
List the prime factors of 1382220.
2, 3, 5, 7, 1097
What are the prime factors of 8259924?
2, 3, 79, 8713
List the prime factors of 10902031.
7, 1557433
List the prime factors of 2379626.
2, 17, 23, 179
List the prime factors of 1168980.
2, 3, 5, 19483
What are the prime factors of 1454501?
101, 14401
What are the prime factors of 9526210?
2, 5, 29, 107, 307
What are the prime factors of 2199468?
2, 3, 183289
List the prime factors of 3548324.
2, 13, 29, 181
What are the prime factors of 71434?
2, 11, 17, 191
What are the prime factors of 632229?
3, 13, 29, 43
List the prime factors of 2139768.
2, 3, 113, 263
List the prime factors of 1182920.
2, 5, 29573
List the prime factors of 2301760.
2, 5, 7193
List the prime factors of 47931.
3, 13, 1229
List the prime factors of 22284359.
19, 59, 103, 193
What are the prime factors of 20006008?
2, 11, 17, 43, 311
What are the prime factors of 1566117?
3, 7, 24859
What are the prime factors of 99503?
19, 5237
List the prime factors of 14111582.
2, 131, 53861
What are the prime factors of 1342819?
293, 4583
List the prime factors of 6681532.
2, 11, 13, 11681
List the prime factors of 156752.
2, 97, 101
List the prime factors of 2048852.
2, 13, 31, 41
List the prime factors of 5923318.
2, 2961659
List the prime factors of 279198.
2, 3, 15511
List the prime factors of 128209.
29, 4421
What are the prime factors of 570159?
3, 7039
What are the prime factors of 4103146?
2, 43, 47711
What are the prime factors of 34175966?
2, 11, 141223
List the prime factors of 556501.
11, 50591
What are the prime factors of 1006850?
2, 5, 13, 1549
List the prime factors of 20197074.
2, 3, 3366179
List the prime factors of 6103118.
2, 7, 151, 2887
What are the prime factors of 28145654?
2, 14072827
What are the prime factors of 218802?
2, 3, 36467
List the prime factors of 306146.
2, 153073
What are the prime factors of 840578?
2, 157, 2677
What are the prime factors of 11072065?
5, 37, 97, 617
What are the prime factors of 183204?
2, 3, 7, 727
What are the prime factors of 3340738?
2, 17, 98257
List the prime factors of 80890.
2, 5, 8089
What are the prime factors of 3607926?
2, 3, 7, 85903
What are the prime factors of 2227871?
2227871
What are the prime factors of 1239835?
5, 67, 3701
What are the prime factors of 75713?
11, 6883
List the prime factors of 11155851.
3, 7, 23, 7699
What are the prime factors of 360879?
3, 120293
List the prime factors of 40876.
2, 11, 929
List the prime factors of 584611.
19, 29, 1061
What are the prime factors of 2109840?
2, 3, 5, 59, 149
List the prime factors of 268244.
2, 67061
List the prime factors of 43540.
2, 5, 7, 311
List the prime factors of 3250749.
3, 1083583
What are the prime factors of 239936?
2, 23, 163
What are the prime factors of 7842899?
17, 43, 10729
List the prime factors of 852493.
83, 10271
List the prime factors of 88293.
3, 19, 1549
What are the prime factors of 513533?
513533
What are the prime factors of 1577607?
3, 525869
List the prime factors of 67601.
67601
List the prime factors of 3335810.
2, 5, 333581
What are the prime factors of 5051307?
3, 29, 58061
List the prime factors of 79862.
2, 73, 547
What are the prime factors of 6204392?
2, 53, 14633
List the prime factors of 159346.
2, 11, 7243
What are the prime factors of 275059?
275059
What are the prime factors of 9949272?
2, 3, 414553
List the prime factors of 6969967.
73, 95479
What are the prime factors of 129006?
2, 3, 2389
What are the prime factors of 8402890?
2, 5, 840289
What are the prime factors of 411637?
411637
List the prime factors of 3177211.
29, 89, 1231
List the prime factors of 14253538.
2, 13, 548213
List the prime factors of 717254.
2, 41, 8747
List the prime factors of 3